15*a**2 + 81*a + 34. Calculate p(-4).
206
Let k(u) = 143*u**2 - 28235*u - 56471. What is k(-2)?
571
Let a(j) = -18*j**2 - 18*j + 716. What is a(11)?
-1660
Let i(b) = 56*b**2 + 2739*b + 5025. What is i(-47)?
-4
Let r(s) = -141*s + 27394. What is r(203)?
-1229
Let q(f) = -5*f**3 + 80*f**2 - 141*f + 77. Determine q(14).
63
Let v(w) = 3429*w + 38497. Determine v(-11).
778
Let c(w) = -167*w**2 - 910*w - 440. Determine c(-5).
-65
Let c(n) = 115*n - 7190. What is c(70)?
860
Let u(l) = 13582*l - 135835. Give u(10).
-15
Let r(f) = 3*f**3 - 27*f**2 + 21*f - 38. Give r(9).
151
Let t(k) = -10343*k - 91316. Calculate t(-9).
1771
Let o(b) = 18115*b + 20814129. What is o(-1149)?
-6
Let y(k) = 999*k + 487670. Calculate y(-488).
158
Let l(r) = -4758*r**2 - 2226745*r - 462. What is l(-468)?
6
Let u(a) = -148*a**2 - 48444*a - 159418. Give u(-324).
-10
Let g(y) = y**2 + 103*y - 1314. Determine g(-116).
194
Let t(y) = -y**3 - 45*y**2 + 1767*y + 1229. Determine t(-70).
39
Let i(h) = -4*h**3 - 593*h**2 - 152*h - 169. Determine i(-148).
423
Let b(l) = l**2 - 59*l + 671. Calculate b(51).
263
Let b(m) = 9*m**2 - 443*m + 4875. Calculate b(31).
-209
Let d(j) = -9016*j - 29067. Give d(-3).
-2019
Let k(j) = 3*j**2 + 58*j - 110. Calculate k(4).
170
Let y(u) = -5*u**2 - 394*u + 112. Determine y(-80).
-368
Let j(z) = 3*z**2 - 1609*z + 183251. Give j(164).
63
Let m(w) = -45*w**2 + 900*w - 1713. Give m(18).
-93
Let t(f) = 818978*f - 17198532. What is t(21)?
6
Let a(n) = -393*n**2 + 1957*n - 67. What is a(5)?
-107
Let q(s) = 5*s**2 + 2715*s - 13572. What is q(5)?
128
Let a(c) = -46*c**3 - 2162*c**2 - 56*c - 2697. What is a(-47)?
-65
Let n(t) = 5201*t - 390059. Determine n(75).
16
Let p(y) = -y**3 + 8*y**2 + 113*y + 241. Calculate p(-5).
1
Let y(t) = -143*t**3 - 60*t**2 - 67*t - 5. Give y(-1).
145
Let p(w) = 118743*w - 593750. Determine p(5).
-35
Let y(z) = -7907098*z - 15814194. Calculate y(-2).
2
Let j(a) = 265*a - 2666. Give j(13).
779
Let b(y) = 8*y**2 + 4251*y - 283863. Give b(60).
-3
Let a(o) = -86*o + 305. Determine a(-13).
1423
Let n(w) = 287*w**2 + 11*w - 4495. Determine n(0).
-4495
Let s(h) = 2*h**3 + 349*h**2 + 1188*h - 1542. Calculate s(-171).
-3
Let f(c) = -2596*c + 7637. What is f(3)?
-151
Let c(b) = -b**2 - 83*b - 680. Calculate c(-48).
1000
Let s(k) = -232*k - 10660. What is s(-50)?
940
Let k(a) = -a**2 + 180*a - 1578. Calculate k(10).
122
Let l(x) = -11*x**2 + 121*x - 796. Determine l(14).
-1258
Let s(x) = -x**3 + 62*x**2 + 3121*x + 1420. What is s(95)?
90
Let h(x) = 596811*x - 596818. What is h(1)?
-7
Let u(j) = 13*j**3 + 1161*j**2 + 341*j - 1340. What is u(-89)?
-5
Let d(c) = -4*c**3 - 76*c**2 - 169*c - 1736. What is d(-18)?
10
Let v(t) = -t**3 - 45*t**2 - 119*t - 1420. Determine v(-43).
-1
Let a(g) = -g**3 + 21*g**2 - 33*g - 78. What is a(22)?
-1288
Let b(m) = 32*m**2 + 451*m - 195. What is b(-14)?
-237
Let g(y) = -6*y**2 + 81*y + 245164. Calculate g(209).
7
Let t(u) = -u**2 + 773*u - 136945. What is t(275)?
5
Let d(b) = -b**3 - 56*b**2 + 3768*b + 15909. Give d(-4).
5
Let s(k) = -2*k**2 + 2041*k + 106418. Determine s(-50).
-632
Let h(x) = 157*x + 7480. Determine h(-49).
-213
Let s(k) = -8*k**2 + 1510*k - 5914. Give s(4).
-2
Let z(v) = -473*v - 1443. Determine z(-4).
449
Let u(c) = -21212*c + 2651540. Calculate u(125).
40
Let f(n) = -240*n + 19969. What is f(83)?
49
Let x(p) = -p**3 - 25*p**2 + 280*p + 993. Give x(-35).
3443
Let o(b) = b**3 + 91*b**2 - 1956*b + 612. Calculate o(-109).
-42
Let y(s) = 755*s**2 + 135147*s + 341. What is y(-179)?
-17
Let v(y) = 23*y**3 + 250*y**2 - 6*y - 44. Determine v(-11).
-341
Let w(y) = -16*y**3 - 6*y**2 + 37*y + 97. Determine w(-2).
127
Let d(g) = 110*g**3 + 271*g**2 - 528*g + 17. Determine d(2).
925
Let w(b) = 2607*b - 7439. Calculate w(3).
382
Let k(m) = -5*m**2 - 5*m + 131. Calculate k(-6).
-19
Let m(p) = -p**3 + 118*p**2 + 85*p + 4051. Calculate m(119).
5
Let w(g) = -g**2 + 5359*g + 42917. Give w(-8).
-19
Let x(j) = 396*j**2 + 2766*j - 43. Determine x(-7).
-1
Let p(c) = -4732*c + 36992. What is p(8)?
-864
Let u(x) = -x**3 - 36*x**2 + 2548*x + 12. What is u(36)?
-1572
Let m(z) = 384780*z - 1154345. What is m(3)?
-5
Let y(a) = -5*a**2 + 10579*a - 84597. What is y(8)?
-285
Let g(y) = 2*y**3 + 377*y**2 - 14607*y - 93. Give g(33).
303
Let s(r) = -3*r**2 - 9640*r + 1598000. Calculate s(158).
-12
Let t(u) = -u**3 + 79*u**2 - 114*u + 3417. Determine t(78).
609
Let v(h) = -15674*h + 62687. Give v(4).
-9
Let h(q) = 6*q**3 - 16*q**2 + 28*q + 244. Give h(-8).
-4076
Let j(x) = -23*x**3 + 1503*x**2 - 1979*x - 80. Give j(64).
240
Let f(w) = 33*w + 891. Calculate f(5).
1056
Let q(i) = -2*i**3 - 72*i**2 - 170*i - 3704. Determine q(-32).
-6456
Let f(r) = r**2 - 498*r + 58519. Calculate f(190).
-1
Let c(o) = o**3 + 3216*o**2 + 38570*o + 390894. Determine c(-3204).
6
Let b(n) = 243504*n - 9496645. What is b(39)?
11
Let l(h) = 2*h**3 - 115*h**2 - 561*h + 136. Determine l(62).
-50
Let k(u) = u**2 + 50271*u - 251382. Determine k(5).
-2
Let y(u) = u**3 + 24*u**2 + 159*u + 359. What is y(-16)?
-137
Let m(h) = 4*h**3 + 29*h**2 + 733*h + 4261. Give m(-6).
43
Let u(z) = z**2 - 44*z - 498. Give u(42).
-582
Let p(l) = 14*l**2 + 54*l + 37. Determine p(-3).
1
Let k(y) = 7456*y + 82553. What is k(-11)?
537
Let g(f) = -32*f**2 + 10*f + 90. Calculate g(8).
-1878
Let d(l) = -528*l + 98109. Determine d(187).
-627
Let w(h) = 22*h - 735. Give w(24).
-207
Let v(o) = 29312*o - 732795. Give v(25).
5
Let u(b) = 4026*b + 20163. Determine u(-5).
33
Let m(t) = -3*t**2 + 967361*t + 1934735. Give m(-2).
1
Let q(c) = 613*c**2 + 1143*c - 1141. Calculate q(1).
615
Let j(i) = 8*i**3 + 64*i**2 - 684*i - 11. Calculate j(-14).
157
Let w(f) = 31967*f + 1694394. What is w(-53)?
143
Let q(b) = 15*b**2 - 1936*b + 90. What is q(129)?
-39
Let b(y) = 10*y**3 + y**2 - 61*y - 146. Give b(-6).
-1904
Let n(y) = 2*y**2 - 5*y - 399. Give n(-18).
339
Let j(v) = -v**2 - 807451*v + 4844736. Determine j(6).
-6
Let h(w) = -w**3 - 12*w**2 + 2*w + 248. Give h(-14).
612
Let n(l) = 573*l + 3621. Calculate n(-4).
1329
Let k(n) = 4287*n - 24892. Determine k(6).
830
Let u(v) = -44*v**2 - 2645*v + 15828. Determine u(6).
-1626
Let j(c) = 1164*c + 188632. Determine j(-162).
64
Let t(g) = -29292*g + 468603. Calculate t(16).
-69
Let t(x) = 27*x**2 + 199*x - 1163. Give t(4).
65
Let k(i) = 12860*i + 38496. Determine k(-3).
-84
Let p(l) = 80*l**3 + 12*l**2 + 52*l + 52. Determine p(-1).
-68
Let y(p) = 262*p**2 - 4457*p + 95. What is y(17)?
44
Let h(j) = -4294*j + 334933. Calculate h(78).
1
Let d(a) = 2*a**3 - 28*a**2 - 194*a - 70. Calculate d(19).
-146
Let y(c) = 573*c**2 + 13871*c + 2887. Determine y(-24).
31
Let s(t) = -972*t - 13423. Calculate s(-14).
185
Let j(s) = -3*s**2 + 3417*s + 163530. What is j(1185)?
0
Let h(a) = a**2 + 622*a + 13217. Calculate h(-22).
17
Let l(q) = -40*q - 1144. Determine l(-4).
-984
Let t(o) = 53933*o - 485439. What is t(9)?
-42
Let q(k) = 83163*k - 1995912. Calculate q(24).
0
Let q(d) = 254*d + 2906. What is q(-12)?
-142
Let k(f) = -93734*f - 468697. What is k(-5)?
-27
Let i(y) = -263*y - 476. Determine i(-9).
1891
Let m(f) = -29*f**3 - 454*f**2 - 452*f + 1. Determine m(-1).
28
Let g(j) = -10*j + 137. What is g(12)?
17
Let c(a) = 4*a**3 + 3*a**2 - 7*a - 7. Calculate c(-4).
-187
Let i(b) = -179*b + 842. Calculate i(11).
-1127
Let c(l) = 27959*l + 391504. Give c(-14).
78
Let y(t) = -62*t**3 + 21*t**2 - 26*t - 82. What is y(3)?
-1645
Let j(k) = -k**3 + 64*k**2 + 200*k - 2655. Determine j(67).
-2722
Let i(v) = 7*v**3 + 154*v**2 + 172*v + 48. Calculate i(-21).
-477
Let g(m) = -m**3 - 124*m**2 - 976*m + 177. Determine g(-8).
561
Let r(j) = j**2 - 3509*j - 138367. Calculate r(-39).
5
Let b(y) = 3*y**3 - 29*y**2 + 262*y - 2700. Determine b(10).
20
Let z(l) = -124711*l + 124719. Give z(1).
8
Let g(p) = -1187*p + 35599. Give g(30).
-11
Let z(a) = -99*a**2 - 1993*a - 322. Determine z(-20).
-62
Let u(q) = -2175*q**3 + 11*q**2 - 171*q + 161. Determine u(1).
-2174
Let x(l) = -58*l - 10610. Calculate x(-168).
-866
Let d(j) = -j**2 - 2800*j - 246513. Determine d(-91).
6
Let x(i) = 6887*i - 227289. Calculate x(33).
-18
Let k(j) = 20*j**2 - 617*j + 2706. Give k(26).
184
Let s(j) = 5585*j + 3212. Give s(0).
3212
Let k(c) = -1709*c + 25849. What is k(15)?
214
Let w(v) = v**2 + 699*v + 64829. 